20222?
-213000
In base 13, what is ac - -138?
217
In base 10, what is 210153 + 3?
210156
In base 8, what is -6017 + 6?
-6011
In base 12, what is -8 - 937a?
-9386
In base 5, what is -1412401331 - -10?
-1412401321
In base 7, what is -30102 + -2033?
-32135
In base 11, what is -2786 + 41?
-2745
In base 11, what is -8a7 + 120?
-787
In base 6, what is -24041 + 1444?
-22153
In base 16, what is -128 + 34e?
226
In base 3, what is 120222121 + 11?
120222202
In base 8, what is 3 - -37031?
37034
In base 12, what is -33 + -4435?
-4468
In base 6, what is -2 + 1141?
1135
In base 14, what is 79 - -1843?
18bc
In base 14, what is 4 - 4d566?
-4d562
In base 16, what is 4 + -183a7?
-183a3
In base 3, what is -1020200 - 212002?
-2002202
In base 6, what is -2 - 33324?
-33330
In base 9, what is 263 - -463?
736
In base 16, what is -113 + -2330?
-2443
In base 9, what is 1318 + -384?
824
In base 8, what is -54 + 2534?
2460
In base 6, what is -22142 + 1451?
-20251
In base 6, what is -1011431 + 0?
-1011431
In base 4, what is 11303122020 - -10?
11303122030
In base 16, what is 97e - 2d?
951
In base 4, what is 0 - -3031101?
3031101
In base 12, what is -12 - -16a?
158
In base 8, what is -277 + -31306?
-31605
In base 9, what is 238 + 122?
361
In base 9, what is 432 + -4217?
-3675
In base 12, what is 44 - 202?
-17a
In base 16, what is -2842ac + 0?
-2842ac
In base 4, what is 302 + 3302112?
3303020
In base 15, what is -aec7 + -9?
-aed1
In base 16, what is -2ba5 + -6?
-2bab
In base 4, what is 230 - 30313?
-30023
In base 12, what is 13 + -53429?
-53416
In base 8, what is 5 + -537345?
-537340
In base 7, what is -215535 - -4?
-215531
In base 12, what is 58745 + -1?
58744
In base 6, what is 1315143 + 21?
1315204
In base 15, what is -2c - 5e9?
-626
In base 6, what is -250113 - -1?
-250112
In base 9, what is -155 + 1465?
1310
In base 5, what is 24 + 3100?
3124
In base 14, what is -15 + 2034?
201d
In base 12, what is -6a8279 - 5?
-6a8282
In base 7, what is 13405 - -646?
14354
In base 6, what is -414303 - -5?
-414254
In base 5, what is 102 - 2144?
-2042
In base 2, what is 1101100000001011010 + 0?
1101100000001011010
In base 9, what is -5550 + 2?
-5547
In base 15, what is 12 - -2da3?
2db5
In base 8, what is -1 - -53641?
53640
In base 12, what is b - -46b0?
46bb
In base 15, what is -324 - 50?
-374
In base 6, what is 5 + 3220111?
3220120
In base 15, what is 5908d2 - -3?
5908d5
In base 5, what is -12 - -21030?
21013
In base 9, what is 1 + 1303?
1304
In base 15, what is -603 - 2?
-605
In base 13, what is -211ba4 - 5?
-211ba9
In base 16, what is -6b2b + -1?
-6b2c
In base 15, what is 2220 + 17a?
239a
In base 12, what is -535 + b3b?
606
In base 12, what is 3724 - 6?
371a
In base 10, what is -14213 + -14?
-14227
In base 5, what is -3 - -411?
403
In base 14, what is 25302 + -22?
252c0
In base 10, what is 132 + 12?
144
In base 10, what is -5 + 100145?
100140
In base 9, what is 74240 + 5?
74245
In base 5, what is 2 + -1003314?
-1003312
In base 13, what is 1858 - -7?
1862
In base 10, what is -5 + 36538?
36533
In base 2, what is -110110000100111 - -11101?
-110110000001010
In base 4, what is -10210000 + 12?
-10203322
In base 7, what is 5654 - -335?
6322
In base 10, what is -3 + 149272?
149269
In base 16, what is 23 - -4322?
4345
In base 7, what is 544050 + -6?
544041
In base 12, what is -1 - -3692b?
3692a
In base 7, what is -15 - 3260444?
-3260462
In base 13, what is -1b0a + 12?
-1ac8
In base 7, what is 5 - 354205?
-354200
In base 4, what is 0 - -20331111?
20331111
In base 8, what is -47 - 216?
-265
In base 2, what is 101111101 - -101111?
110101100
In base 4, what is 11 + 2202113?
2202130
In base 8, what is 5 - -421411?
421416
In base 8, what is 626573 - -1?
626574
In base 4, what is -10022310 - -212?
-10022032
In base 12, what is -151ba + 5?
-151b5
In base 10, what is -1 + 10769?
10768
In base 16, what is -100ba + b?
-100af
In base 2, what is -1100000 + 1110111?
10111
In base 7, what is -36 - -4133?
4064
In base 3, what is -1112 - -2120201?
2112012
In base 7, what is -3432331 - 0?
-3432331
In base 15, what is 9e - -44?
e3
In base 7, what is -401440 - 213?
-401653
In base 11, what is 2943 + -558?
2396
In base 16, what is fed + -4?
fe9
In base 15, what is 7e2ab + -3?
7e2a8
In base 9, what is -87 - -58276?
58178
In base 3, what is 2 + -20102000010?
-20102000001
In base 15, what is -87d - -40?
-83d
In base 11, what is -43455 + 11?
-43444
In base 14, what is 13 + ca7?
cba
In base 6, what is 3423221 - 3?
3423214
In base 3, what is -20122101021022 + -10?
-20122101021102
In base 3, what is -10 + -100101102110?
-100101102120
In base 8, what is 2 + -1247?
-1245
In base 15, what is -179 + 1150?
ec6
In base 8, what is -1056 + -63?
-1141
In base 10, what is 22 - 19177?
-19155
In base 4, what is -32312 - -1130?
-31122
In base 11, what is -311 - 856?
-1067
In base 8, what is 266413 - 26?
266365
In base 6, what is 225 + -220?
5
In base 2, what is 1111010101 - 1010111010001?
-1000111111100
In base 8, what is 2301 - -313?
2614
In base 3, what is -201222 + -1002?
-210001
In base 13, what is 6 - 2c71?
-2c68
In base 5, what is 20 + 1010?
1030
In base 11, what is -4 + -203946?
-20394a
In base 14, what is -13 - 16434?
-16447
In base 7, what is -5 + 4456611?
4456603
In base 12, what is -883 - -50?
-833
In base 15, what is -2 - -1d63?
1d61
In base 15, what is -6 + 22636?
22630
In base 10, what is -21 - 585?
-606
In base 7, what is -10263513 - -1?
-10263512
In base 7, what is 3 + 13156?
13162
In base 6, what is 2 + 105555?
110001
In base 13, what is -4 - -24576?
24572
In base 4, what is -1113031 - 12?
-1113103
In base 10, what is -623 - 37?
-660
In base 10, what is -52599 + 3?
-52596
In base 8, what is -2033103 - -1?
-2033102
In base 10, what is 5 + -140927?
-140922
In base 13, what is 12 - 7392?
-7380
In base 8, what is -2504 - 64?
-2570
In base 3, what is -112 - 1111001022?
-1111001211
In base 3, what is -12111002101 - -1021?
-12111001010
In base 16, what is -71 - d6?
-147
In base 8, what is 2275 - -1143?
3440
In base 8, what is 1077 + -712?
165
In base 16, what is -8e + -1f8c?
-201a
In base 12, what is 3 - -78055?
78058
In base 8, what is 0 + -46537?
-46537
In base 3, what is -11 - -10002101221?
10002101210
In base 8, what is 15 - -137?
154
In base 9, what is 5052 + -61?
4881
In base 6, what is 5 - 53304145?
-53304140
In base 5, what is 3 - 423220?
-423212
In base 12, what is 25 + -24?
1
In base 14, what is -962c + 5?
-9627
In base 3, what is -20 - -10221?
10201
In base 10, what is 202117 - -6?
202123
In base 4, what is 20021 - 31?
13330
In base 8, what is -3 + 52?
47
In base 3, what is 2111120221212 - -1?
2111120221220
In base 7, what is -122 + 61?
-31
In base 3, what is 11010000002 + 0?
11010000002
In base 3, what is -2200220101 - 201?
-2200221002
In base 10, what is 913 + 3?
916
In base 5, what is -120 + 10041?
4421
In base 16, what is 4 + 19c21?
19c25
In base 4, what is -112333 + -21?
-113020
In base 13, what is -39676 + 5?
-39671
In base 7, what is -1164115 + 4?
-1164111
In base 14, what is 89 + -a7?
-1c
In base 11, what is -4a787 - 3?
-4a78a
In base 10, what is 711 - 271?
440
In base 11, what is 1 + -a1a42?
-a1a41
In base 16, what is -d0d0 - -c?
-d0c4
In base 9, what is -2 + -2108?
-2111
In base 9, what is -108 + -1517?
-1626
In base 3, what is -1 - 11220210100?
-11220210101
In base 15, what is -5 - -19cda?
19cd5
In base 3, what is 2111 - -220211202?
220221020
In base 12, what is 2a + 664?
692
In base 5, what is -1311 + 42434?
41123
In base 4, what is 3202011 - -2?
3202013
In base 2, what is 1011011111010100110 - 0?
1011011111010100110
In base 7, what is 22613 - -550?
23463
In base 14, what is d42 - -11?
d53
In base 3, what is 1122120220 + 2?
1122120222
In base 15, what is -ede - -1b0?
-d2e
In base 6, what is 0 - 122013?
-122013
In base 14, what is 1 + 392c4?
392c5
In base 3, what is 1002 - 11000210?
-10222201
In base 6, what is -14000 - -3?
-13553
In base 14, what is 5 - 11ab7a?
-11ab75
In base 10, what is 9919 - -267?
10186
In base 16, what is 15813d + -3?
15813a
In base 13, what is -5 - -2ccc7?
2ccc2
In base 4, what is -133003 - 300?
-133303
In base 8, what is -46624 + -131?
-46755
In base 11, what is 1067411 + 2?
1067413
In base 15, what is 2926a + -4?
29266
In base 16, what is -8af + f?
-8a0
In base 3, what is 